 Let z(y) = 24*y**2 + 4*y**r - 3*y**3 + 27*y**2 - 2 + 3*y - 56*y**2. What is z(j)?
-8
Let w(h) = 4*h + 28. Suppose -5*o - 35 = y, 157*y - 161*y - 44 = 4*o. Determine w(o).
4
Let a = -369 - -186. Let b = 186 + a. Let k(p) = p**2 - 3*p + 3. Determine k(b).
3
Let m = 2322 - 2308. Let k(u) = -5 - 4 + 2*u + 0 - u. Give k(m).
5
Let t(m) be the first derivative of m**4/4 + m**3/3 - 2*m**2 - 7*m + 1001. Calculate t(0).
-7
Let v(u) = 23*u**3 - 152 - 12*u**3 + 3*u - 11*u**2 + 161 - 12*u**3. Let w = 9 + -20. Give v(w).
-24
Let k(a) be the third derivative of -a**6/120 + 7*a**5/60 + 13*a**4/12 + 10*a**3/3 + a**2 + 3*a + 844. Give k(10).
-20
Let n(p) = p + 6*p - p**3 + 102*p**2 - 98*p**2 + 33. Let g be n(6). Let l(s) = s - 2. Give l(g).
1
Let f = -4796 - -4792. Let j(h) = -h**2 - 3*h - 2. Determine j(f).
-6
Let n(h) = 18*h - 12 - 3 + 2 - 19 - 17*h. Give n(0).
-32
Let r(n) = -n**2 + 10*n - 18. Suppose w = 5, 0 = -2*j + w + 13. Calculate r(j).
-9
Let z(j) = -8*j + 30. Let n(o) = 3*o - 13. Let y(t) = -5*n(t) - 2*z(t). Suppose -5*c = 26*w - 27*w + 81, -3*c - 2*w - 59 = 0. Determine y(c).
-12
Let w(j) be the second derivative of j**4/4 + j**3/3 - j**2 + j + 3. Let c = -81 + 79. Calculate w(c).
6
Let s = 278 - 276. Let f(v) = v - 15*v + 2*v + 2*v. Determine f(s).
-20
Let a(d) = -d**2 + 6*d + 8. Suppose v = 7*v. Suppose v = -5*i + 36 + 34. Let l be (-6 - -2*1)*(-21)/i. Determine a(l).
8
Suppose 25*s - 12 = 21*s. Suppose 11 - s = d. Let a(y) = y**3 - 7*y**2 - 6*y - 11. Calculate a(d).
5
Let h(n) = 2*n**2 + 7*n - 12. Let r(m) = -3*m**2 - 13*m + 23. Let i(q) = -5*h(q) - 3*r(q). Let w(o) = o**3 - 3*o**2 + 6*o - 14. Let k be w(3). Calculate i(k).
-9
Let q(h) = -6*h + 48. Let s(p) = -3*p**2 + 151*p + 2031. Let k be s(-11). Determine q(k).
6
Let g(v) be the third derivative of v**5/60 + 5*v**4/24 - 13*v**3/6 - 529*v**2. Determine g(-7).
1
Let n(y) = y**3 + y**2 - y. Suppose 0 = z + 5*z - 2*z. Let q(o) = -6*o - 5 + z*o**2 - o**2 - 5*o**2. Let t(v) = n(v) + q(v). Determine t(6).
-11
Let i(y) be the third derivative of y**5/60 - 3*y**4/8 + y**3/3 + 439*y**2. Suppose 0 = -4*x + 6*x - 28. Suppose -x - 22 = -4*g. Give i(g).
2
Let t(x) = -2*x**2 - 187*x - 4238. Let k be t(-54). Let c(h) = -h**2 + 30*h - 59. Determine c(k).
-3
Let s(v) = 6*v**2 - 16*v + 22. Suppose 3*r + 5*r + 32 = 0. Let f(p) = -5*p**2 + 15*p - 21. Let m(d) = r*s(d) - 5*f(d). Calculate m(8).
-7
Suppose 0 = 15302*h - 15373*h - 142. Let g(v) = v**3 + 3*v**2 + v - 3. Determine g(h).
-1
Let b(l) = -2*l - 24. Suppose -4*d - 48 = -4*p, -10*d = -4*p - 7*d + 48. Suppose -5*r - m - 39 = p, -5*r - 47 = 2*m. What is b(r)?
-2
Let j = 45 + -42. Let t be (-1)/(-2)*(0 + -1 + j). Let n be t*(-9)/3 + 6. Let z(s) = -s - 1. Calculate z(n).
-4
Let b be 69/(-15)*1 + 486/810. Let j(t) = -t**2 - 7*t - 28. Calculate j(b).
-16
Let t(v) = 4*v**2 + 11*v + 1. Let x be t(-3). Let s(j) = x*j**2 + 1 + 95*j - 3*j**2 + 4 - 102*j. What is s(6)?
-1
Let b(f) = -9391 + 6*f**2 + 9394 - 11*f**2 + 3*f. Determine b(-1).
-5
Let t = 650 + -637. Let x be 2/(-7) - (-32)/14. Let g(o) = x*o - 3*o + 3 + t - 17. Determine g(4).
-5
Let x = 560 - 534. Suppose -33*r + x*r - 7 = 0. Let i(d) = -6*d - 6. Give i(r).
0
Let s(c) = c**3 - 11*c**2 + 8*c + 15. Let n(h) = -h**3 + 8*h**2 - h - 60. Let v be n(5). Determine s(v).
-5
Let j(d) = -7*d**3 - 3*d**2 + 1. Let y be 10*(7/56)/1 + 10/(-40). Calculate j(y).
-9
Let q(o) be the first derivative of -3*o**4/4 - 2*o**3/3 + o**2/2 + 11278. Let t be 1*(2/2 - 0). Give q(t).
-4
Let i(r) = -3 + 0*r + 2 + 2*r - r. Suppose -27*z + 24*z + 15 = 0. Suppose -2*m - 4*y = 5 - 17, -3*m - z*y = -17. Determine i(m).
3
Let d(t) = -2*t**3 + t**2 + t - 4. Let n(u) = 9*u**3 - 14*u**2 + 13*u - 2. Let v(b) = -4*d(b) - n(b). Give v(8).
10
Suppose 3*u - 579 = -3*g, -4*u + 2*g + 766 = 4*g. Let h(b) = -98*b - 94*b - 30 + u*b. Let y be h(-12). Let l(c) = 2*c + 4. Give l(y).
-8
Let s(q) = -4*q**2 + 5*q + 11. Let b(i) be the second derivative of 1/6*i**4 + 0 - 5/2*i**2 - 1/3*i**3 + 13*i. Let t(p) = -9*b(p) - 4*s(p). Determine t(1).
-3
Let d be -3 - (-12 + (-4 - -5)). Let q(t) = -889*t + 881*t - 15*t**2 - 1 + 16*t**2. Calculate q(d).
-1
Suppose -105*r + 129*r = 129 - 9. Let v(d) = d**2 - 15*d + 50. Give v(r).
0
Let t(d) = -19 + 8 - 4*d - 29 + 8*d. Let w be t(19). Let v be (w/45)/((-2)/(-10)). Let k(z) = -z**2 + 5*z + 1. Give k(v).
5
Suppose -h - 4*x + 6 = 0, 7 = 4*h - x - 17. Let r(g) be the first derivative of g**3/3 - 3*g**2/2 - 2*g + 186. Give r(h).
16
Let o(z) = 38*z + 12. Let g(s) = 35*s + 11. Let t(n) = -7*g(n) + 6*o(n). What is t(-3)?
46
Suppose -5*d - 35 - 27 = -3*k, -2*k - 12 = 2*d. Let b(a) = a**2 + 8*a - 17. Let g be b(d). Let p(v) = 8*v + v**2 - 7*v + 3 - 2 - v**g. What is p(2)?
-1
Let g(u) = u - 4. Let q(n) = -n + 3. Suppose 2*h - 102 = 2*k, -6*h + 2*h + k = -210. Let a = -49 + h. Let d(c) = a*g(c) + 5*q(c). Calculate d(4).
-5
Let f(g) = -2*g + 4*g - 9692 + 9751 - g**3 - 27*g**2. Let l be f(-27). Let r(u) be the second derivative of -u**4/12 + 2*u**3/3 - u**2 + u. Give r(l).
-7
Let x(t) = -t - 2. Suppose 2*y + n - 20 = 5*y, 5*n - 20 = 5*y. Give x(y).
6
Suppose -17*w + 39*w = -29*w - 306. Let x(z) = 40*z + 239. Calculate x(w).
-1
Let j(b) be the first derivative of -b**2 - 12*b - 1. Let f(z) = 3*z**3 - 146*z**2 - 57*z + 382. Let i be f(49). What is j(i)?
8
Let l(n) = -n**3 - 8*n**2 + 18*n + 5. Let k(j) = j**3 + 11*j**2 - 17*j - 3. Let z(a) = -6*k(a) - 7*l(a). Give z(12).
-17
Suppose -v = 5*q + 38, -3*v + 5*v + 12 = -2*q. Let s(d) = 39*d + 313. Determine s(q).
1
Suppose -g + 0 = -2. Let j(z) = -3*z + 3 - g + z**3 + 0 + z**2. Let r(t) = 285*t + 1142. Let u be r(-4). What is j(u)?
7
Let l(h) = 166*h - 105. Let c(z) = -51*z. Let v(i) = -3*c(i) - l(i). Determine v(6).
27
Let c(b) = 13*b + 655. Let l be c(-50). Let a(t) = 2*t**2 - 4*t - 11. What is a(l)?
19
Suppose -260 = 4*c + 22*c. Let s = c + 8. Let a(k) = -k**3 - 5*k**2 - 3*k - 2. Give a(s).
-8
Suppose 6*g + 5*f = 2*g + 24, 0 = -4*f. Let l(z) = z**2 - 2*z**2 - g*z - 23 - 14 + 28. Give l(-6).
-9
Let o(j) = -2*j**3 - 9*j**2 - 9*j + 4. Let u be 12/3*-1*(-4 + (-13 - -18)). Give o(u).
24
Let p(n) = 6*n**2 - n + 23 - 21 - 4*n**2. Let g(t) = 4*t - 22. Let j(b) = 7*b - 44. Let l(y) = 10*g(y) - 6*j(y). Let r be l(21). What is p(r)?
8
Let d(x) = 16*x - 30. Let i(t) = -3*t + 1. Let s(c) = -2*d(c) - 12*i(c). Determine s(-16).
-16
Let g be (6/4)/((-48)/(-64)) + 2. Let q(l) = -4 - 5 + 3*l**2 - g*l**2 - 25*l - 30*l + 46*l. Determine q(-8).
-1
Let v = 7273 - 7271. Let k(c) = -c**3 + 31*c**2 - 56*c - 2. Give k(v).
2
Let u(b) = b**2 - 5*b - 6. Let d be ((-35)/(-10))/(2/(-4)). Let z(f) = 2*f - 50 + 41 - 4*f + 0*f. Let l be z(d). What is u(l)?
-6
Let w = -1816 - -1782. Let a(u) = u**3 + 33*u**2 - 33*u + 24. Determine a(w).
-10
Let v(x) be the first derivative of 16*x + 3/2*x**2 - 282. What is v(-6)?
-2
Let f(s) be the second derivative of s**4/12 - 3*s**3/2 + s**2 - 22*s. Suppose 0 = 2*l + 25 - 41. Give f(l).
-6
Let x be 19/(((-4)/20)/((-10)/(-25) - 0)). Let j(p) = p + 32. What is j(x)?
-6
Let d = -782 + 773. Let y(m) = m**2 + 9*m. Give y(d).
0
Let v be 1*(5 - 1 - -1). Let p(n) = 490 + v*n + n**2 - 20*n - 475. Give p(14).
1
Let k(u) = -10*u + 48. Suppose 4*i + 5*y + 23 = 0, -15*i + 2*y = -17*i - 8. Give k(i).
18
Let b(a) = a**2 + 5*a + 2. Suppose 5*p + 2*p = 203. Suppose -t + 3 = -3*w, 5*w = -0*t - t - p. Let g be (-4)/8*-8 - (0 - t). Determine b(g).
2
Suppose -2*q - 2*f + 18 = 0, q + 3*f = -2*f + 21. Let d(i) = -6*i - 8*i + i**2 - q*i + 19*i. Give d(3).
6
Let r(n) = -n**2 - 32*n + 5. Suppose -57*m = 1679 + 145. Give r(m).
5
Suppose 0 = 3*q - 9, -q + 9 = 3*p + q. Let u(s) be the first derivative of 17*s**3/6 - s**2/2 - 63*s + 119. Let h(c) be the first derivative of u(c). Give h(p).
16
Let a(u) = u**2 - 18*u - 136. Let y = -11229 + 11253. Calculate a(y).
8
Let b(a) = -2 - 7*a**2 - 3906209*a + 3906201*a + 13 - a**3. Give b(-5).
1
Let g(d) = -d + 6. Suppose -5*p - 8*c + 3*c = -50, 0 = -2*p - 5*c + 5. Calculate g(p).
-9
Let g(h) = -h**2 - h + 1. Let t(o) = -o**2 + 8*o + 4. Suppose -32 = -4*j + 4*v, -3*j + 2*j = v. Let p be t(j). Let a = -18 + p. Determine g(a).
-5
Let v(p) be the first derivative of -p**4/4 + 2*p**3 - p**2/2 - 11*p - 1999. Determine v(5).
9
Let c(x) be the first derivative of -10*x**3/3 - 3*x*